7 and 459.
17
Calculate the highest common factor of 507 and 3341.
13
Calculate the highest common divisor of 38 and 171.
19
What is the greatest common divisor of 2916 and 24?
12
What is the highest common factor of 48 and 41928?
24
What is the highest common divisor of 179 and 1?
1
Calculate the highest common factor of 5 and 115.
5
Calculate the highest common factor of 2275 and 28.
7
What is the highest common factor of 224 and 10?
2
What is the highest common factor of 80 and 300?
20
Calculate the greatest common factor of 639 and 923.
71
Calculate the greatest common divisor of 580 and 116.
116
What is the greatest common divisor of 20 and 3844?
4
Calculate the highest common factor of 1750 and 70.
70
What is the highest common factor of 1620 and 150?
30
What is the highest common factor of 9590 and 14?
14
What is the greatest common factor of 3488 and 224?
32
Calculate the greatest common divisor of 34 and 1088.
34
Calculate the highest common divisor of 292 and 68.
4
What is the highest common divisor of 6950 and 50?
50
Calculate the highest common divisor of 1335 and 30.
15
What is the highest common divisor of 295 and 9263?
59
Calculate the highest common factor of 7 and 11.
1
Calculate the greatest common divisor of 286 and 143.
143
What is the greatest common divisor of 5550 and 1050?
150
Calculate the greatest common divisor of 21181 and 59.
59
What is the highest common factor of 333 and 207?
9
Calculate the highest common factor of 1961 and 370.
37
Calculate the highest common divisor of 5 and 11735.
5
What is the highest common factor of 816 and 384?
48
Calculate the greatest common divisor of 288 and 90.
18
Calculate the highest common factor of 117 and 21567.
39
Calculate the highest common divisor of 161 and 345.
23
What is the greatest common divisor of 81 and 351?
27
What is the greatest common divisor of 30618 and 84?
42
What is the greatest common divisor of 76 and 874?
38
Calculate the highest common divisor of 5765 and 15.
5
Calculate the highest common factor of 330 and 1056.
66
Calculate the highest common divisor of 15 and 65.
5
What is the greatest common divisor of 112 and 432?
16
Calculate the highest common divisor of 33 and 18381.
33
What is the highest common factor of 5723 and 59?
59
What is the greatest common divisor of 585 and 45?
45
What is the greatest common divisor of 31344 and 96?
48
What is the highest common divisor of 9 and 3735?
9
What is the greatest common factor of 2967 and 759?
69
What is the highest common divisor of 67 and 1?
1
Calculate the highest common divisor of 15 and 255.
15
Calculate the greatest common divisor of 41 and 1312.
41
What is the greatest common divisor of 989 and 1247?
43
What is the greatest common divisor of 225 and 1200?
75
What is the highest common divisor of 147 and 539?
49
Calculate the highest common factor of 24 and 128.
8
Calculate the highest common divisor of 352 and 288.
32
Calculate the greatest common factor of 224 and 392.
56
Calculate the highest common factor of 72 and 9.
9
Calculate the highest common factor of 35 and 1015.
35
What is the greatest common divisor of 468 and 36?
36
What is the highest common divisor of 28 and 10?
2
Calculate the greatest common factor of 66 and 2662.
22
Calculate the highest common divisor of 12 and 2724.
12
Calculate the greatest common divisor of 240 and 7800.
120
Calculate the highest common factor of 25 and 400.
25
Calculate the highest common divisor of 351 and 81.
27
Calculate the highest common divisor of 39 and 13247.
13
Calculate the greatest common factor of 117 and 63.
9
Calculate the greatest common factor of 16 and 3928.
8
What is the highest common divisor of 270 and 240?
30
What is the highest common divisor of 6 and 20?
2
What is the highest common factor of 98 and 518?
14
Calculate the greatest common divisor of 7056 and 245.
49
Calculate the greatest common factor of 17 and 71417.
17
Calculate the greatest common factor of 4758 and 78.
78
What is the highest common divisor of 1744 and 1417?
109
Calculate the highest common factor of 132 and 7876.
44
What is the highest common divisor of 350 and 150?
50
Calculate the highest common divisor of 902 and 164.
82
What is the greatest common factor of 4804 and 4?
4
What is the highest common factor of 95 and 209?
19
What is the highest common factor of 1988 and 84?
28
What is the greatest common factor of 5 and 10?
5
Calculate the greatest common factor of 1 and 69.
1
What is the greatest common factor of 40 and 40?
40
What is the greatest common factor of 3884 and 20?
4
Calculate the greatest common divisor of 3072 and 14848.
512
What is the greatest common divisor of 93 and 14043?
93
What is the highest common factor of 16 and 424?
8
Calculate the greatest common factor of 44 and 234.
2
Calculate the greatest common factor of 464 and 3306.
58
What is the greatest common factor of 30 and 5322?
6
What is the highest common divisor of 20 and 30?
10
What is the highest common divisor of 5936 and 53?
53
What is the greatest common divisor of 2870 and 70?
70
What is the greatest common factor of 8770 and 10?
10
Calculate the highest common factor of 608 and 208.
16
What is the greatest common divisor of 10 and 235?
5
Calculate the greatest common divisor of 234 and 169.
13
Calculate the greatest common factor of 1695 and 225.
15
What is the highest common factor of 38 and 42161?
19
What is the greatest common factor of 22 and 6369?
11
What is the highest common divisor of 136 and 17884?
68
What is the greatest common divisor of 21 and 633?
3
What is the greatest common divisor of 897 and 104?
13
What is the highest common divisor of 24 and 56?
8
What is the highest common divisor of 57514 and 298?
298
What is the greatest common divisor of 10722 and 18?
6
Calculate the highest common divisor of 810 and 60.
30
Calculate the highest common divisor of 66 and 30.
6
Calculate the greatest common factor of 26 and 65.
13
Calculate the greatest common divisor of 576 and 18.
18
What is the highest common divisor of 32 and 2448?
16
Calculate the highest common divisor of 40 and 4.
4
What is the highest common factor of 4 and 4?
4
Calculate the highest common factor of 27480 and 40.
40
Calculate the highest common divisor of 21 and 1183.
7
What is the greatest common divisor of 1025 and 325?
25
Calculate the highest common factor of 33720 and 120.
120
What is the highest common divisor of 988 and 338?
26
Calculate the highest common divisor of 28798 and 14.
14
Calculate the greatest common divisor of 16880 and 80.
80
Calculate the highest common factor of 1846 and 13.
13
Calculate the greatest common divisor of 335 and 10.
5
Calculate the greatest common factor of 65 and 13.
13
What is the highest common factor of 2556 and 36?
36
Calculate the highest common divisor of 1936 and 4.
4
What is the highest common divisor of 492 and 72?
12
What is the greatest common factor of 1244 and 4?
4
What is the greatest common divisor of 572 and 832?
52
What is the highest common divisor of 817 and 473?
43
Calculate the highest common divisor of 54615 and 165.
165
What is the highest common factor of 18 and 333?
9
What is the highest common divisor of 64 and 3?
1
What is the highest common divisor of 34 and 119?
17
What is the highest common divisor of 374 and 255?
17
Calculate the highest common factor of 1755 and 285.
15
Calculate the highest common divisor of 296 and 1628.
148
Calculate the highest common factor of 24 and 888.
24
What is the highest common divisor of 70 and 13454?
14
Calculate the greatest common divisor of 46 and 1242.
46
What is the greatest common factor of 297 and 363?
33
Calculate the greatest common divisor of 14 and 4.
2
Calculate the highest common factor of 4234 and 348.
58
What is the highest common factor of 142 and 142?
142
Calculate the highest common divisor of 1541 and 391.
23
What is the highest common factor of 288 and 3?
3
Calculate the greatest common divisor of 60 and 960.
60
What is the greatest common factor of 85 and 6001?
17
Calculate the greatest common factor of 8 and 776.
8
Calculate the highest common factor of 94 and 70.
2
What is the greatest common factor of 692 and 24047?
173
What is the highest common factor of 84 and 189?
21
Calcu